ivided by 201661?
7
What is the remainder when 87364448 is divided by 285?
263
Calculate the remainder when 240280 is divided by 2440.
1160
Calculate the remainder when 168252933 is divided by 56084306.
15
Calculate the remainder when 167010 is divided by 3385.
1145
What is the remainder when 95301 is divided by 79?
27
What is the remainder when 955101806 is divided by 1118?
1114
Calculate the remainder when 131566 is divided by 475.
466
What is the remainder when 32362279 is divided by 46?
37
Calculate the remainder when 1418280 is divided by 31.
30
What is the remainder when 21916194 is divided by 2216?
2170
What is the remainder when 646467 is divided by 489?
9
What is the remainder when 147472 is divided by 14745?
22
What is the remainder when 14415872 is divided by 725?
697
What is the remainder when 16507950 is divided by 47?
46
Calculate the remainder when 1164313 is divided by 582152.
9
Calculate the remainder when 150579 is divided by 608.
403
What is the remainder when 3652448 is divided by 221?
202
Calculate the remainder when 4992685 is divided by 2252.
1
Calculate the remainder when 651824 is divided by 845.
329
What is the remainder when 470577 is divided by 65?
42
Calculate the remainder when 214007 is divided by 44.
35
What is the remainder when 355924 is divided by 41?
3
What is the remainder when 1795046 is divided by 1795006?
40
Calculate the remainder when 843987 is divided by 21099.
27
What is the remainder when 61263 is divided by 1052?
247
What is the remainder when 651662 is divided by 5091?
14
What is the remainder when 6137309 is divided by 41?
19
Calculate the remainder when 308813 is divided by 11.
10
What is the remainder when 40692760 is divided by 73057?
11
Calculate the remainder when 22959 is divided by 27.
9
Calculate the remainder when 78888 is divided by 19715.
28
What is the remainder when 2434195 is divided by 62410?
205
What is the remainder when 85580945 is divided by 405?
395
Calculate the remainder when 651122 is divided by 52.
30
Calculate the remainder when 7912796 is divided by 235.
111
Calculate the remainder when 2158769 is divided by 1078951.
867
Calculate the remainder when 27381813 is divided by 4041.
4038
Calculate the remainder when 392495 is divided by 195917.
661
What is the remainder when 328174 is divided by 232?
126
What is the remainder when 8994490 is divided by 78?
76
What is the remainder when 173671 is divided by 1625?
1421
What is the remainder when 189030909 is divided by 33?
12
What is the remainder when 3241622 is divided by 494?
488
What is the remainder when 23215 is divided by 9423?
4369
What is the remainder when 14166161 is divided by 11?
9
Calculate the remainder when 746675 is divided by 786.
761
What is the remainder when 655446 is divided by 655327?
119
Calculate the remainder when 23338927 is divided by 21.
10
Calculate the remainder when 29023760 is divided by 50.
10
What is the remainder when 6913865 is divided by 691384?
25
Calculate the remainder when 1010872 is divided by 2496.
2488
Calculate the remainder when 20380974 is divided by 781.
779
What is the remainder when 2823286 is divided by 8878?
82
What is the remainder when 2461572 is divided by 64773?
198
What is the remainder when 5968840 is divided by 2249?
2243
Calculate the remainder when 1801954 is divided by 3251.
900
What is the remainder when 779120 is divided by 1086?
458
Calculate the remainder when 6248362 is divided by 1562047.
174
What is the remainder when 87832 is divided by 5166?
10
What is the remainder when 11551307 is divided by 2887811?
63
What is the remainder when 1337478 is divided by 5845?
4818
Calculate the remainder when 569168 is divided by 7493.
7193
Calculate the remainder when 653159 is divided by 7083.
1523
What is the remainder when 16494947 is divided by 4401?
4400
Calculate the remainder when 24352 is divided by 3321.
1105
Calculate the remainder when 84998517 is divided by 42499252.
13
What is the remainder when 3199949 is divided by 1066637?
38
Calculate the remainder when 789482 is divided by 610.
142
What is the remainder when 15778742 is divided by 31307?
14
Calculate the remainder when 1116188 is divided by 98.
66
Calculate the remainder when 316561 is divided by 2228.
185
Calculate the remainder when 126994362 is divided by 150.
12
What is the remainder when 216399 is divided by 711?
255
Calculate the remainder when 2734309 is divided by 21196.
25
What is the remainder when 194774 is divided by 193926?
848
Calculate the remainder when 38844357 is divided by 66973.
17
What is the remainder when 304703 is divided by 632?
79
Calculate the remainder when 4862217 is divided by 342.
3
What is the remainder when 124442 is divided by 716?
574
Calculate the remainder when 3828948 is divided by 762.
660
What is the remainder when 2865766 is divided by 580?
566
What is the remainder when 20535571 is divided by 4107104?
51
What is the remainder when 179497 is divided by 1850?
47
Calculate the remainder when 69397 is divided by 11501.
391
Calculate the remainder when 15007691 is divided by 3001527.
56
What is the remainder when 513875 is divided by 29?
24
What is the remainder when 3059799 is divided by 1529647?
505
What is the remainder when 145867 is divided by 486?
67
Calculate the remainder when 36675 is divided by 36607.
68
Calculate the remainder when 15434558 is divided by 1953.
1952
Calculate the remainder when 1056713 is divided by 421.
3
What is the remainder when 109632 is divided by 13702?
16
Calculate the remainder when 616570 is divided by 1787.
55
Calculate the remainder when 95273324 is divided by 63.
62
What is the remainder when 1228715 is divided by 26?
7
What is the remainder when 8375431 is divided by 3771?
40
What is the remainder when 188776 is divided by 14361?
2083
What is the remainder when 336690 is divided by 84095?
310
Calculate the remainder when 764798 is divided by 3072.
2942
Calculate the remainder when 166556154 is divided by 5.
4
What is the remainder when 5360059 is divided by 2353?
2278
Calculate the remainder when 118907 is divided by 103.
45
Calculate the remainder when 2938235 is divided by 2937989.
246
Calculate the remainder when 469950 is divided by 178.
30
Calculate the remainder when 779873 is divided by 21663.
5
Calculate the remainder when 420391 is divided by 140113.
52
What is the remainder when 388603972 is divided by 4853?
4850
Calculate the remainder when 231017 is divided by 7210.
297
What is the remainder when 2496726 is divided by 179?
34
What is the remainder when 235366 is divided by 529?
490
What is the remainder when 3994067 is divided by 568?
459
Calculate the remainder when 74630389 is divided by 19.
4
Calculate the remainder when 604500 is divided by 6716.
60
Calculate the remainder when 4960737 is divided by 435.
432
Calculate the remainder when 16961431 is divided by 45473.
2
What is the remainder when 17610631 is divided by 2164?
2163
Calculate the remainder when 1806471 is divided by 7.
2
Calculate the remainder when 89889 is divided by 681.
678
What is the remainder when 8082453 is divided by 1486?
99
Calculate the remainder when 504021 is divided by 252005.
11
Calculate the remainder when 491826 is divided by 10.
6
What is the remainder when 5313006 is divided by 49?
34
What is the remainder when 4872713 is divided by 48?
41
Calculate the remainder when 193536970 is divided by 14.
4
Calculate the remainder when 381266 is divided by 7474.
92
Calculate the remainder when 10001454 is divided by 5000683.
88
Calculate the remainder when 226477715 is divided by 70.
65
What is the remainder when 198097 is divided by 2477?
2414
Calculate the remainder when 4861255 is divided by 45.
40
What is the remainder when 2748211 is divided by 118?
109
What is the remainder when 7175 is divided by 3252?
671
Calculate the remainder when 9391179 is divided by 37.
24
What is the remainder when 15839578 is divided by 39?
1
Calculate the remainder when 257795 is divided by 126823.
4149
Calculate the remainder when 235745 is divided by 454.
119
What is the remainder when 423695 is divided by 863?
825
What is the remainder when 361134 is divided by 5820?
294
What is the remainder when 30447 is divided by 365?
152
Calculate the remainder 